digit of -2*((-1)/3 - (-672)/o)?
0
Let i(l) = l**3 + 19*l**2 + 20*l + 10. What is the tens digit of i(-8)?
5
Let i = 654 - 322. What is the tens digit of i?
3
Suppose -12*j + 4861 = -28619. What is the units digit of j?
0
Suppose -2*f + 231 = 49. What is the units digit of f?
1
Suppose -11 + 2 = -3*k. Suppose v + k*v + 8 = 0. What is the units digit of ((-3)/v)/(18/12)?
1
Let g be (-2)/9 + 166/18. Suppose -g = k - 2*k. What is the units digit of k?
9
Suppose 0 = 2*k - 2 - 2. Suppose 5*f - 20 = p, k*p + 11 = 2*f + p. Suppose -2*l + 76 = -4*w, 7*l - 142 = 3*l + f*w. What is the units digit of l?
4
Suppose 14*r = -11*r + 850. What is the tens digit of r?
3
Let z = 37 + -88. Suppose 34 = -25*i - 241. Let w = i - z. What is the tens digit of w?
4
Let t(a) = -356*a + 30. What is the units digit of t(-1)?
6
Suppose -9 = 4*f - 29, -3*f = -4*a + 5053. What is the tens digit of a?
6
Let k(o) be the third derivative of -o**4/12 - 2*o**3/3 + 2*o**2. Let p be k(-3). Suppose -5*y + 13 = -2*g - p*g, -2*g - 4 = -2*y. What is the units digit of g?
3
Let m(q) = 15*q**2 - 47*q + 160. What is the units digit of m(8)?
4
What is the hundreds digit of (20/5 + -280)/(15/(-10))?
1
Let h(l) = -l**3 - l**2 - l + 33. Let d be h(0). Let o = d - 14. What is the tens digit of o?
1
Let a(x) = 11*x**2 - 38*x - 41. Let v(y) = 7*y**2 - 24*y - 27. Let g(j) = -5*a(j) + 8*v(j). Let n = 25 + -18. What is the tens digit of g(n)?
2
Let o(t) = 3*t + 6. Let v be o(11). Let h be (-6)/v - 518/13. Let w = 104 + h. What is the tens digit of w?
6
Let p = 857 + -210. What is the hundreds digit of p?
6
Let i(t) = 2*t**2 - 20*t + 99. What is the thousands digit of i(-20)?
1
What is the tens digit of (-138)/(-18)*((6 - -209) + -2)?
3
Suppose -313 = 18*t - 3823. What is the hundreds digit of t?
1
Suppose 8*n = -4*c + 3*n - 371, 3*c = 5*n - 322. What is the hundreds digit of (-22)/c - (-1303)/9?
1
Suppose -124 = 3*x - 5*x. Suppose 0*a - a = -j - x, 3*a = j + 182. What is the units digit of a?
0
Let o(z) = -5*z + 19. Suppose -2*j - 3*f - 4 = 0, -3*j - 9 = -4*f + 7*f. What is the units digit of o(j)?
4
Let l = 34 + -31. Let w be (-4)/6 + (-436)/(-6). Suppose 6*a - l*a = w. What is the tens digit of a?
2
What is the units digit of (-2050)/(-22) - 12/66?
3
Suppose -16*s - 200 = -21*s. What is the units digit of s?
0
Suppose -2*c - 25 = -2*z - 3*z, 0 = -2*z + 5*c + 31. Suppose -4*v + 28 = z*f, -f - 6 = -3*v - 24. What is the units digit of f?
2
Let v be (0 - (1 - 1)) + 1. Let x(s) = -4 + 28*s - 6 - 7 + 18. What is the tens digit of x(v)?
2
Let s(c) = c**3 - 16*c + 13. Let b be s(6). Let f be ((-1)/(-2))/((-8)/1424). Let y = b + f. What is the tens digit of y?
4
Suppose 0 = -42*s + 40*s + 6254. What is the hundreds digit of s?
1
Let u(a) = a + 3. Let b be u(14). Let l = b + 0. What is the tens digit of l?
1
Let b = 877 + -460. What is the hundreds digit of b?
4
Let v(r) = -14*r**3 + 3*r - 5. What is the units digit of v(-4)?
9
Let o be (-5)/(-2)*(27 - 15). Suppose -4*h + 21 = 3*t, -2*h - 3*h + o = 5*t. What is the units digit of t - (2 - (0 - -23))?
4
Let j = 240 - 36. What is the tens digit of j?
0
Let n = -14 + 17. Let m(y) = 11*y - 7. What is the tens digit of m(n)?
2
Suppose s - 4 = -0*s, 0 = -4*w + 5*s + 1404. What is the units digit of w?
6
What is the tens digit of 4/16 + 995/20?
5
Let j be (159/(-9))/(1/3). Let t = 116 + j. Suppose 3*q = d + 163, -2*q + 43 = 2*d - t. What is the tens digit of q?
5
What is the hundreds digit of 4/(-8)*-3370 - (-5 + -1)?
6
Let s(z) = 269*z - 192. What is the hundreds digit of s(4)?
8
Let q = -1218 - -2599. What is the tens digit of q?
8
Suppose 97 = 2*i + 1289. Let v be -1*1*i/4. Let o = v - 106. What is the tens digit of o?
4
Let p(j) = j**3 + 9*j**2 - 13*j - 7. Let y = 34 - 9. Let b be y*3*(-2)/15. What is the units digit of p(b)?
3
Let u(h) = 2*h**2 + 14*h - 102. Let n be u(5). Let i = 5 - 19. Let v = n + i. What is the units digit of v?
4
Let x = 1700 - 927. What is the units digit of x?
3
Suppose 5*i = -3*i + 1424. Let a = i + -110. What is the units digit of a?
8
Let l be 5/(4 - -1) + 53. Suppose -4*t + l = -10. What is the tens digit of t?
1
Let p(r) = 32*r + 3 - 3. Suppose 4*h = -t + 7, -2*h + 7*t = 10*t - 11. What is the units digit of p(h)?
2
Suppose 0*p - 2 = p. Let x be (-2)/p*(-12)/(-4). What is the tens digit of (41 + 2)/(-2 + x)?
4
Suppose -5*u + 35 + 5 = 0. Let i = -5 + u. What is the units digit of i?
3
Let n(b) = b**2 + 25*b + 120. What is the hundreds digit of n(24)?
2
Let s(n) = n + 1. Let r(l) = -l**2 + 10*l - 4. Let c(q) = -r(q) + 3*s(q). Let k be c(5). Let y = 22 - k. What is the units digit of y?
5
Let h(i) = -470*i**3 + 2*i**2 + 17*i + 18. What is the hundreds digit of h(-2)?
7
Suppose -3*q = 5*u - 874, 0 = -5*q - 5*u + 2086 - 626. What is the tens digit of q?
9
Suppose 4*z - 6*z = 0. Suppose z = g - 11 - 27. What is the tens digit of g?
3
Let t(u) = 25*u**2 - 26*u + 2. What is the hundreds digit of t(-11)?
3
Let y(a) = a**3 + 8*a**2 - 21*a + 4. Let c be y(-10). Suppose -15 = 5*j, 311 = u - c*j + 9*j. What is the tens digit of u?
9
Suppose -5*q + 5*d = 2*d - 416, 15 = 5*d. What is the tens digit of q?
8
Let i be (-12)/28 + (-6)/(-14). Suppose 25 = 2*o - i*s + 3*s, -3*o + 39 = 4*s. What is the tens digit of o?
1
Suppose 2*z - 1639 = 5*h, 0 = 5*z - 0*z - 4*h - 4106. What is the hundreds digit of z?
8
Let n = 60 - -26. Suppose -2*i - 36 = -n. Let f = 45 - i. What is the units digit of f?
0
Let t be (9/(-2) - -3)*(0 + -2). What is the tens digit of t/4 + (511/28 - 4)?
1
Suppose -144*x - 2100 = -149*x. What is the units digit of x?
0
Suppose -u + 4*j + 776 = 147, 0 = 5*u - 4*j - 3209. What is the units digit of u?
5
Let u be (-5548)/16 - 2 - (-3)/(-12). Let z = 492 + u. What is the units digit of z?
3
Suppose -3*h + 25 = 2*h. Suppose h*a - 5*s + 2*s - 546 = 0, 0 = 2*a + 5*s - 206. What is the units digit of a?
8
Let u be (-3)/18 - 839/6. Let l = -89 - u. Let k = l - 34. What is the tens digit of k?
1
Suppose -2*o - o + 6957 = 4*f, 5*o + 4*f - 11595 = 0. Suppose 605 = 17*n - o. What is the hundreds digit of n?
1
Let c(d) be the first derivative of d**4/4 + 3*d**3 - 11*d**2/2 + 3*d + 1. Suppose 10*f + 87 + 13 = 0. What is the tens digit of c(f)?
1
Suppose 2*h = -2*h + 248. Suppose 4*u = -3*a + 147, 11 = 2*u + a - h. What is the units digit of u?
6
Let y(b) = 9*b**3 + 3*b**2. Let r be y(-2). What is the tens digit of 1 - 4/6 - 5860/r?
9
Suppose 0 = 3*g - 2*t - 1508, 26*t - 28*t - 2 = 0. What is the units digit of g?
2
Let m(i) = 4*i + 4. Suppose -4*c - 10 = -26. What is the units digit of m(c)?
0
What is the hundreds digit of 5/7 + 884070/385?
2
Let q = 17 - 17. Suppose q = 3*p - 4*t - 7, 3*p + 1 = t + 5. What is the tens digit of ((p - 0) + -2)*-10?
1
Let t(b) = b**3 - 16*b**2 + 22*b + 3. Let k be t(15). What is the units digit of (-2)/9 - (-4344)/k?
0
Let z = 9 - 4. Suppose -t - 3 + z = 0. Suppose -t*x - 42 = -5*x. What is the units digit of x?
4
Suppose 347*p + 713 = 348*p. What is the hundreds digit of p?
7
Let d(g) = g**3 + g + 5. Suppose w = -4*w. What is the units digit of d(w)?
5
Suppose 12*y + 5996 = 3*u + 7*y, 0 = -5*u + 5*y + 10010. What is the hundreds digit of u?
0
Let z = 96 - 195. Let s = z + 159. What is the units digit of s?
0
Suppose -4*s + 5363 = 5*a, -35*s - 3216 = -3*a - 38*s. What is the units digit of a?
5
Let g = 88 - 92. Let l(h) = -36*h + 18. What is the units digit of l(g)?
2
Let w = 1266 - 357. What is the tens digit of w?
0
Suppose 2*u = -d + 80, 3*d + 49 = -5*u + 287. Let q = d + -32. What is the units digit of q?
4
Suppose v = 0, -2*v + 981 = 3*c - 0*c. What is the hundreds digit of c?
3
Let u = 30 - 54. Let h be (1 - u/(-15))*5. What is the tens digit of (-30 - 1)/(3/h)?
3
Let b = 9 + -4. Suppose 16*c = 18*c - 124. Suppose -2*v - 66 = -5*m, -4*v = -b*m + 10 + c. What is the units digit of m?
2
Suppose -2*z - 3*z - 4*a - 50 = 0, 2*z = 2*a - 2. Let g(f) = f**3 + 3*f**2 - 3*f - 1. Let t be g(-4). Let b = t - z. What is the units digit of b?
1
Suppose -327*k = -330*k + 3462. What is the thousands digit of k?
1
Let d be ((-260)/(-16))/((15/(-24))/5). What is the tens digit of ((-16)/(-10))/((-4)/d)?
5
Let g be 60/(-6)*(-1)/2. Let r = g - 8. What is the units digit of (r/(-3))/(2 + -1)?
1
Let c = 763 + -321. What is